 + 2586, -3*d + 3*v = -7788. Let s = d - 1431. Is s prime?
True
Suppose -40*m = 68 + 332. Is (12335/m - -7)*(1 + -3) a prime number?
False
Let j be (-2)/4*(-1)/((-7)/(-4258478)). Suppose -8*t = -45*t + j. Is t a prime number?
True
Suppose t - 374658 = -5*l, -2*t = -58*l + 56*l + 149856. Is l a prime number?
False
Let j be (-2)/(40/(-12)) + (-25164)/15. Let y = -428 + j. Let t = y - -3478. Is t a composite number?
False
Suppose 2*r - 506588 = -l, -5*r + 51*l - 46*l = -1266455. Is r a composite number?
True
Let f(r) = -1101*r - 83. Suppose -79*s + 84*s = -30. Is f(s) prime?
False
Suppose -46482368 = 22*p - 35*p - 51*p. Is p a prime number?
True
Let c = -4351 - -1484. Let l = c - -6010. Is l a prime number?
False
Suppose -3*a + 398705 = -4*b, 0 = -5*a - 4*b + 45909 + 618674. Is a a prime number?
True
Suppose 9*b - 48 = -3*b. Suppose 0 = i + 5*l - 3 - 15, -b*i = -4*l. Suppose -5*f - 3*t - 541 = -1980, 2*f - 572 = -i*t. Is f a composite number?
True
Let p = 80 - 46. Suppose -p + 238 = k. Suppose -3*f + k = 3*t, 2*t = t + 3. Is f a prime number?
False
Suppose 0 = 4*o - 355 - 41. Suppose 0 = 6*t + o - 33. Let n(f) = -18*f + 17. Is n(t) composite?
True
Suppose 4*a - 12 = 2*t, 2 = -a - t + 8. Suppose 0 = -5*k + 9*k, 4*w - 3*k - 38360 = 0. Suppose a*x = -3522 + w. Is x prime?
False
Suppose 0 = 4*p - 697 + 2973. Let w be 2/(-7 + (-27756)/(-3964)). Let j = w + p. Is j prime?
False
Suppose -6*i + 4*i = 4*d - 28, -d + 13 = 2*i. Suppose -5*y + i*b + 261 = 0, 3 = y + 2*b - 38. Is y prime?
False
Suppose -5*k + 4597563 = 4*f, -181*k = -184*k + 4*f + 2758525. Is k prime?
True
Let p be ((-4)/16*-6)/(3/8). Suppose 3*v + p*a + 7242 = 0, 0*a + 5*a + 12070 = -5*v. Let n = v + 3751. Is n a composite number?
True
Let t(h) = 1157*h**2 - 45*h - 1155*h**2 + 13*h - 73. Is t(25) composite?
True
Is ((-99445)/10)/((-2)/4) composite?
False
Let j(f) = -f**3 + 6*f**2 + 2*f + 15. Let u be j(6). Suppose 0 = -u*b + 34*b - 14. Suppose 2*k - 4242 = 2*g, g - b*g = 3*k - 6371. Is k a composite number?
True
Let h = -100 - -104. Let g be h/6*(-3)/2. Let z = g + 48. Is z prime?
True
Suppose 0*p - 3*p - 6459 = -z, 0 = 2*z + 2*p - 12910. Suppose -x + z = 5*x. Suppose g + x = 5*g. Is g a composite number?
False
Suppose 3*l = i + 7, -3*l = i - 4*l + 1. Suppose 17 = 5*o + i. Suppose -2*a + 0*q + 679 = -o*q, -3*a + 1011 = -2*q. Is a a prime number?
False
Is (-2094104)/(-14) - (2392/(-182) - -13) prime?
True
Let g(u) = 1246*u**2 + 6*u - 18. Let i be g(4). Let f = i + -5841. Is f composite?
True
Let o = -16 + 15. Let g be 1 - 2529 - (3 + o). Let x = -1389 - g. Is x a composite number?
True
Let b = 88 - 151. Let g be (-5)/(-3) + (-525)/b. Is 1208/g + 2*1/10 composite?
True
Let n(v) = -385*v**3 - v**2 + 2*v. Let h be n(-2). Let m = h + -1790. Is m composite?
True
Suppose -4*c = 4*h - 3072, 2*c - 3*h = -h + 1552. Let a = -89 + 378. Let x = c + a. Is x composite?
False
Let l be -3*(-26)/(-4)*(-48)/72. Suppose 8*g - 30 = l*g. Is 0 - 2872/g - (-77)/231 a composite number?
False
Suppose -665*q + 664*q - 5*g + 31581 = 0, -5*g + 126264 = 4*q. Is q a composite number?
True
Suppose 0 = 14*w + 21484 + 9778. Let p(s) = -611*s + 6. Let z be p(-6). Let v = w + z. Is v a prime number?
True
Suppose -2*g + 23 - 35 = 0. Let m be (-1)/(g/1077)*2. Suppose 276 = f - m. Is f a prime number?
False
Let z be 14571/3 + -1*3. Suppose 86*y - 92*y + z = 0. Is y a prime number?
True
Let l be (-4)/18 + 20/(-27)*-3. Suppose -2*u = -0*v - l*v + 28478, 3*v - 42709 = 5*u. Is v composite?
False
Is (-17935182)/180*-5*(-4)/(-6) a prime number?
False
Let m = -592 + 43613. Is m a composite number?
True
Let d(b) = 5*b - 101. Let u be d(23). Suppose 0 = -3*t + 3*f + 630, 642 = 3*t - 5*f + u. Is t a composite number?
False
Let s = 261112 + -71135. Is s a composite number?
False
Is ((-2288976)/(-16) - 8)/1 prime?
True
Suppose 7 = 7*g - 7. Suppose 11 = 5*o - g*q, -2*o + 3*o + q + 2 = 0. Let p(k) = 131*k**2 - 2*k + 2. Is p(o) prime?
True
Suppose 0*h + 5*h = 3*g, -2*h = 3*g. Suppose -2*t + 10*t - 38184 = g. Suppose t + 4943 = 4*i. Is i prime?
False
Suppose 2 - 3 = -3*n + u, 21 = -2*n + 5*u. Suppose 3*b = -5*v + 17879, n*v - 14334 - 9514 = -4*b. Is b a composite number?
True
Let w(l) = 8*l + 5*l**2 + 3*l - 4*l**3 + 9*l**2 - 9*l**2 - 1. Let z be w(-6). Suppose 4*y - z = 1099. Is y a composite number?
True
Let o = 211307 + -142650. Is o a composite number?
True
Suppose 5*k = 3*w - 33, -2 + 5 = 3*w. Is (-1)/(k - 106662/(-17778)) a prime number?
True
Let w(p) = 489*p**2 - 90*p - 53. Is w(12) a composite number?
True
Let s = -62 - -37. Let a = s + 28. Is 321 - (-2 + 0/a) prime?
False
Let g(x) = -65531*x + 7037. Is g(-7) composite?
True
Let w(z) = -1586*z + 357. Is w(-5) a composite number?
False
Suppose 6*k = 2*k + 8. Suppose -3*c + 6 = -3*q, 0 = k*c - 0*q + 3*q + 6. Suppose -3*x - 1674 = -7*x + 2*l, -2*x - 3*l + 841 = c. Is x composite?
False
Let i be (-3)/(-1) - 3 - -1377. Suppose 0 = 133*m - 167*m + 33252. Suppose m = 3*j - i. Is j composite?
True
Suppose 3*t = 7*t - 8. Is 70/(-30)*(t - 9005) a composite number?
True
Let d(q) = 16699*q**2 + 1. Let x be d(-1). Suppose 0 = 4*j + 4*f - 13344, -j - f + x = 4*j. Suppose -3*c = -5*s + 935 + 2404, 5*s - 2*c = j. Is s prime?
False
Let f(m) = -1419*m**3 + 2*m**2 - 8*m + 5. Let a be f(3). Let o = a + 54975. Is o a composite number?
False
Let f = 6 + 1. Let s(z) = 5*z - 31. Let p be s(f). Suppose 9*x - p*x = 255. Is x composite?
True
Let n(k) = 53*k**2 - 8. Let x(c) = 105*c**2 - 17. Let q(g) = -5*n(g) + 3*x(g). Is q(-9) composite?
True
Let i be 2790/22 + 28/154. Let j be -7 + 4 - (0 - -29). Is i - (j/4)/2 prime?
True
Suppose -2*t - 79*v + 11959 = -80*v, 4*v = -5*t + 29917. Is t a composite number?
False
Suppose -2*k - 4 = -10. Suppose -3*n - 15 = 0, 0*n = 4*r + k*n - 9. Suppose -r*i + 1082 = -4*i. Is i a prime number?
True
Let n be (16/(-48))/((-1)/5643). Suppose -30541 = -5*h + b, -4220 = -h + 2*b + n. Is h a composite number?
True
Let j(l) = 1454*l**2 - 10*l - 65. Is j(-11) a prime number?
True
Let z be (-1)/2 - (-60)/24. Suppose 5*u = 3*u + z. Is (59/2)/((-2)/(-92)*u) a composite number?
True
Let n = -68 + 87. Suppose 4*z + 9 = z - 5*g, 5*z - 3*g = n. Suppose 8*y - f = 6*y + 1613, -5*y - z*f = -4055. Is y composite?
False
Let o be (3 - 21/6)/((-2)/(-20)). Let z(h) = -276*h**3 - 7*h**2 + h + 9. Let k be z(o). Suppose -k = -6*w - 5163. Is w a composite number?
False
Suppose -34*u + 31*u = -d + 162647, 2*d - 5*u - 325299 = 0. Is d prime?
False
Suppose 4*w = 4*c - 0*w, -2*c = 5*w - 21. Suppose c*a = 5*o - 9190, -11*o - 7352 = -15*o + a. Is o prime?
False
Suppose 3*f = -995 - 760. Is 5/(f/(-57226)) + 2/(-18) a composite number?
True
Let w(t) = 3217*t - 200. Is w(37) composite?
True
Let w = -14004 - -19667. Suppose 4*b - 621 - w = 0. Is b a prime number?
True
Let k be 4/(6 + (-30136)/5024). Let i = 5733 - k. Is i prime?
True
Suppose -9*n + 13*n = -16. Let u be (-3 + (-16)/n)/(1/5). Suppose 3*p - 152 = -u*s, 5*p + 4*s - 323 + 48 = 0. Is p composite?
False
Let z be (0 - 9/(-6))*(-76)/(-57). Suppose -z*q = -2*c - q + 6817, -4*q = c - 3395. Is c a composite number?
False
Is (137 - -3943152)/(6 - -1) a prime number?
True
Suppose 23426 = 69*k - 56*k. Let j = k - 733. Is j composite?
False
Suppose -h = 4*h + 245. Let n = 56 + h. Suppose -24370 = -3*j - n*j. Is j a prime number?
True
Suppose 3*n = -0*n + 3*p + 51, 3*p = -5*n + 69. Let g = n - 18. Is (-2 - g) + (-390)/(-5) a composite number?
False
Suppose 0 = -2*u - 3*x - 9, 4*u - 28 = 3*u + 5*x. Suppose 17 + u = 5*b. Is 377 - (-2 - b - -4) a composite number?
False
Suppose -5 = h - 5*x, 0*x + 4*x = -2*h + 60. Suppose y + b + 4848 = 5*y, -5*b - h = 0. Is y a prime number?
False
Let g be (-10)/15 + 8/12. Let n = 4189 - 1987. Suppose g = -k, 0*k - n = -3*d - k. Is d a prime number?
False
Let a(q) = 5336*q**2 + 29*q - 71. Is a(4) a composite number?
True
Let q(k) = -411*k**3 - 3*k**2 + k + 3. Let f be q(-1). Let b = 849 - f. Is b composite?
False
Suppose 24*u = 107*u - 9982493. Is u a prime number?
False
Let q(x) = -x**3 + 2*x**2 + 2*x + 1. Let h be q(3). Let v = -56 + 53. Is 59/h*(-11 + v) prime?
False
Let k(d) = d**3 + 32*d**2 - 39*d - 77. Let i be (-2)/(-9) + (-3675)/135. Is k(i) a prime number?
True
Suppose 6*z - 4 - 20 = 0. Suppose -3*j + 5 = -z*j + 5*a, -4 = -